 - 12. Let k = 144 - 158. What are the prime factors of b(k)?
2, 67
Suppose -6 = -3*f, -3*f = 10*y - 11*y + 524. What are the prime factors of y?
2, 5, 53
Let a be 7/(-7) - (-1)/(-1). List the prime factors of 6/a - 1*-156.
3, 17
Suppose -9*w = -4305 - 132. List the prime factors of w.
17, 29
Suppose 4*w - 136 = -4*c, 111 = -3*w + 7*w - c. Let o = w + -10. What are the prime factors of o?
19
Let h(m) = -m**2 - 16*m + 1. Let z be h(-12). Let b = z + 136. What are the prime factors of b?
5, 37
Let c(l) = 5*l + 11 + 3*l + 3*l - 5*l. Let f(g) = 2*g + 4. Let s(n) = -2*c(n) + 7*f(n). List the prime factors of s(6).
2, 3
Let m = -1156 + 2037. List the prime factors of m.
881
Suppose d + 2*g - 2 = 0, -10 = -8*d + 3*d + 3*g. Suppose 34 + d = 4*o. What are the prime factors of 10/(-4 + 39/o)?
2, 3, 5
Let g(b) be the third derivative of 5*b**2 + 14/15*b**5 + 0*b**3 + 0*b**4 + 0*b + 0. What are the prime factors of g(-1)?
2, 7
Suppose 4*t - t - 177 = 0. Suppose -t = -3*z + 40. List the prime factors of z.
3, 11
Let g(s) = -4*s - 19. List the prime factors of g(-15).
41
Let c(g) = g**3 + 4*g**2 - 7*g - 5. Let i be c(-5). Suppose 0 = -5*q - 20, -i*l + 3*q - q = -83. What are the prime factors of l?
3, 5
Suppose -2*a = -3*s - 7331, 0 = 2*s - 6 + 12. What are the prime factors of a?
7, 523
Let a(x) = -5*x + 27. Let m(j) = j - 1. Let t(w) = a(w) + 6*m(w). What are the prime factors of t(-18)?
3
Suppose -5*s = x - 18, 4*x - x - 86 = s. Let m = x - -78. What are the prime factors of m?
2, 53
Let z be ((-4)/(-6))/((-4)/(-66)). Let l(d) = -10*d**2 - 5*d - 3. Let f be l(-1). Let x = z + f. What are the prime factors of x?
3
Suppose -x - 86 = 2*j, 8*j - 217 = 2*x + 3*j. Let a = x - -164. What are the prime factors of a?
2, 17
Let o = 878 + 759. What are the prime factors of o?
1637
Let h = 7 - -10. Let j = h + -5. Let m = -7 + j. List the prime factors of m.
5
Let i(x) = x**3 - 9*x**2 + x + 3. Let u be i(9). Suppose 9*n + u = 12*n. Suppose -n*o + 14 = -3*o. List the prime factors of o.
2, 7
Let t(q) = q**3 - 3*q**2 - 6*q + 14. Let z be t(4). Suppose -p + z + 62 = 0. List the prime factors of p.
2, 17
Let y(w) = 16*w + 8. Let k be y(7). Suppose -13*s + 9*s = -k. Let n = s - -17. What are the prime factors of n?
47
Let t(h) = -7*h**2 - 7*h - 11. Let n(k) = k**2 + k + 1. Let x(q) = -4*n(q) - t(q). What are the prime factors of x(-4)?
43
Let m be 215/7 + 12/42. Let x = 1 + m. List the prime factors of x.
2
Suppose 0*y - 3*y = -12. Suppose -y*n = -60 - 52. Let h = n + 25. What are the prime factors of h?
53
Let m = 10640 - 6368. What are the prime factors of m?
2, 3, 89
Let t(x) = 2155*x**2 - x - 1. Let r be t(-1). Suppose r = 14*g - 519. What are the prime factors of g?
191
Let u(n) = -9*n**3 + 2*n**3 + 6*n**3 + 0 - 1 - 2*n**2. List the prime factors of u(-5).
2, 37
Suppose 5*t - 5*l - 807 = 2848, -4*t - 2*l = -2924. What are the prime factors of t?
17, 43
Suppose -2*j - 4*x = 2*j - 988, -5*x = -2*j + 459. Let s = j + -145. What are the prime factors of s/4 - (-9)/12?
5
Let n = -49 + 70. Suppose n = o + 5*j, 20 = 4*o - 4*j + 8. What are the prime factors of o?
2, 3
Suppose 0 = -5*j - x + 101, 2*x = -2*j - j + 62. Suppose 5 - 29 = -4*h. List the prime factors of (-27)/(-15)*j/h.
2, 3
List the prime factors of 2/(-8) - (6 + 3855/(-12)).
3, 5, 7
Suppose 86 = -4*p - 2*o + 272, o - 46 = -p. Let b = 75 - p. What are the prime factors of b?
2, 7
Let z(k) = 533*k + 2. What are the prime factors of z(1)?
5, 107
Suppose 2*w + 41 = 3*p, 0 = -0*p - 4*p - 20. Let g be w/((-51)/15 + 3). Let r = g + -32. What are the prime factors of r?
2, 19
Let n be -1 + 0/(-1) + (5 - -2). Suppose n*j = 3*j + 138. What are the prime factors of j?
2, 23
Let w = -144 + 145. List the prime factors of (20/(-60))/(w/(-54)).
2, 3
Let i be (-2*122/(-12))/(7/(-168)). List the prime factors of 2/5 + 0 + i/(-5).
2, 7
List the prime factors of (-5)/(-30) + (-28038)/(-36).
19, 41
Let g be 1/8 + 351/72. Suppose -7*h = g*z - 4*h - 301, -z + 2*h = -68. List the prime factors of z.
2, 31
Suppose -5*a = -2*z + 26, 4*a + 13 + 18 = 5*z. Suppose -105 = -z*v + 135. What are the prime factors of (-1)/(1*(-4)/v)?
2, 5
Suppose -5*r + 4*c + 30 = 0, -r + 12 = -0*r - 2*c. Let l be (4 + -5)/(r/(-2)). Let x(b) = 22*b**2 + b. List the prime factors of x(l).
23
Let d be 801/36 - 6 - (-2)/(-8). Let b(k) = -k**2 + 33*k + 7. What are the prime factors of b(d)?
3, 31
List the prime factors of ((-11)/7)/(21/(-51303)).
11, 349
Let i = 18 - 15. Suppose -b - 4*b - 100 = 4*l, -i*b - l = 67. What are the prime factors of (10/(-8))/(6/b)?
5
Suppose 4*u + 0*u - 220 = -3*q, 4*q + u = 276. Let g be (-3 + (1 - 5))*3. Let l = q + g. List the prime factors of l.
47
List the prime factors of ((-8)/(-10))/(47/149225).
2, 5, 127
Suppose -5*v + 3 = -22, 0 = -p + 3*v + 6. Suppose b = q - 0*b - 15, -q - 5*b + p = 0. List the prime factors of q.
2
Let j(g) = -8*g - 5. Let f be j(-2). Suppose 3*a = 4*c - f, 3*a - 2 = -2*c - 19. Let w(o) = o**3 + 7*o**2 + 5*o + 4. List the prime factors of w(a).
29
Let g = 17 + -12. Suppose 18 = -2*y - 3*b, -3*b = g*y - 4*y + 12. What are the prime factors of y/(-14) + (-726)/(-21)?
5, 7
Let t(d) = -66*d**2 - d + 7 - 2*d + 67*d**2. List the prime factors of t(-5).
47
List the prime factors of 2/4 - (-27734)/28.
991
Suppose -334 = -3*y + r + 6214, -y + 2188 = r. List the prime factors of y.
2, 3, 7, 13
Let y = -526 - -1137. What are the prime factors of y?
13, 47
Let h = -110 - -1383. List the prime factors of h.
19, 67
What are the prime factors of 37*(8 - 10)*30/(-3)?
2, 5, 37
Let w be (8 + -10)/(2/(-4)). Suppose 4*d - 4*h + 280 = 0, 2*d + 127 = -w*h - 25. List the prime factors of (-16)/d - 61/(-9).
7
Let s(u) = -u**3 - 7*u**2 + u. Let n(z) = -z - 4. Let v be n(4). Let o be s(v). Suppose p = -p + o. List the prime factors of p.
2, 7
Let z(u) = 9*u - 1. Let s(k) = 17*k - 3. Let q(j) = 4*s(j) - 7*z(j). List the prime factors of q(3).
2, 5
Let w(p) = -2*p + 47. Let u(s) = -3*s + 48. Let b(f) = 6*u(f) - 5*w(f). What are the prime factors of b(0)?
53
Let a(k) = -13*k**2 + 113*k + 4. List the prime factors of a(5).
2, 61
Suppose -45585 = -32*u - 13*u. What are the prime factors of u?
1013
Let y(g) = g**2 + 3*g + 4. Let j be y(-4). Let s(u) = -u**2 + 5*u - 5. Let d be s(j). Let c = -10 - d. What are the prime factors of c?
19
Let a(c) = 17*c**2 - 19*c + 7. List the prime factors of a(-11).
2273
Suppose 5*l - 3*l + 136 = 0. Let o = 40 + l. Let h = o + 66. What are the prime factors of h?
2, 19
Let k(q) = -q**3 + 11*q**2 + 11*q + 7. Let h be (-4 + 2)/((-3)/15). List the prime factors of k(h).
7, 31
Let q(n) be the second derivative of 5*n**3/6 + 7*n. Let g be q(1). Suppose -g*v - 88 = -b, -2*v = -5*b + v + 352. List the prime factors of b.
2, 17
Let p = -750 - -1671. What are the prime factors of p?
3, 307
Let k = 33 + -112. Let u = k - -46. Let v = -20 - u. List the prime factors of v.
13
Suppose -3*v + 10*v - 140 = 0. Let t = -17 + v. Suppose -24 = -t*a + 12. What are the prime factors of a?
2, 3
Suppose -4*j - 3*x - 39 = -5*j, 5*x + 1 = -j. List the prime factors of j.
2, 3
Suppose 3 = 4*w - 0*w - a, -2*a = 4*w - 18. Suppose -m + 2*z - 18 - 20 = 0, -w*m + 2*z = 80. Let x = 67 + m. What are the prime factors of x?
5
Suppose -5*s - 2*f + 4923 = 0, 40*s + 3*f - 995 = 39*s. List the prime factors of s.
983
Let d = -491 + 1206. What are the prime factors of d?
5, 11, 13
Let i(v) = v + 1. Let c(t) = 12*t + 4. Let y(k) = 3*c(k) - 24*i(k). What are the prime factors of y(23)?
2, 3, 11
Let l(g) = g**3 - 19*g**2 + 17*g + 25. Let h be l(18). Suppose 2*q - 4*j = 266, -h*j = 5*q - 8*j - 647. List the prime factors of q.
3, 43
Suppose -9*c + 2 = -11*c. Let l(g) = 1 + 3 - 27*g - 3. What are the prime factors of l(c)?
2, 7
Let k(p) = -9*p - 12 - 2*p + 32*p - 14*p. What are the prime factors of k(13)?
79
Let n be (42/(-10))/((-12)/840). Suppose 5*w - 4*j = 256 + n, j + 565 = 5*w. What are the prime factors of w?
2, 3, 19
Suppose 4*l + 1356 = 8*l. What are the prime factors of l?
3, 113
Suppose 68*g - 5*x - 7700 = 63*g, -3050 = -2*g - 4*x. List the prime factors of g.
5, 307
Suppose -3*o - o - 16 = 0. Let i be (o - -254)*(-1 - -2). Suppose -4*u - u - 2*j = -i, -255 = -5*u - 3*j. What are the prime factors of u?
2, 3
Let q(i) = i**2 + 5. L